{"id":6901,"date":"2024-10-23T11:44:00","date_gmt":"2024-10-23T09:44:00","guid":{"rendered":"https:\/\/www.chemindeveil.fr\/?page_id=6901"},"modified":"2026-02-18T15:50:55","modified_gmt":"2026-02-18T14:50:55","slug":"mentions-legales","status":"publish","type":"page","link":"https:\/\/lavoiedenahk.fr\/blog\/mentions-legales\/","title":{"rendered":"Mentions l\u00e9gales"},"content":{"rendered":"\t\t<div data-elementor-type=\"wp-page\" data-elementor-id=\"6901\" class=\"elementor elementor-6901\" data-elementor-post-type=\"page\">\n\t\t\t\t<div class=\"elementor-element elementor-element-a6ae47f e-con-full e-flex e-con e-parent\" data-id=\"a6ae47f\" data-element_type=\"container\" data-e-type=\"container\">\n\t\t\t\t<div class=\"elementor-element elementor-element-6a5d8a6 elementor-widget elementor-widget-text-editor\" data-id=\"6a5d8a6\" data-element_type=\"widget\" data-e-type=\"widget\" data-widget_type=\"text-editor.default\">\n\t\t\t\t<div class=\"elementor-widget-container\">\n\t\t\t\t\t\t\t\t\t<h2 class=\"special-heading mt-2 text-center text-md-left fs-40\">Mentions l\u00e9gales<\/h2><p>Conform\u00e9ment aux dispositions de la loi n\u00b0 2004-575 du 21 juin 2004 pour la confiance en l&#8217;\u00e9conomie num\u00e9rique, il est pr\u00e9cis\u00e9 aux utilisateurs du site La voie de Nahk l&#8217;identit\u00e9 des diff\u00e9rents intervenants dans le cadre de sa r\u00e9alisation et de son suivi.<\/p><h3 class=\"fs-30\">Edition du site<\/h3><p>Le pr\u00e9sent site, accessible \u00e0 l&#8217;URL: https:\/\/lavoiedenahk.fr\/blog\/ (le \u00ab Site \u00bb), est \u00e9dit\u00e9 par : <a title=\"KaliT, conception de sites Internet\" href=\"https:\/\/kalitlabs.fr\/\" target=\"_blank\" rel=\"noopener\">KaliT<\/a>, soci\u00e9t\u00e9 au capital de 1000 euros, inscrite au R.C.S. de BOBIGNY sous le num\u00e9ro 930 530 324, dont le si\u00e8ge social est situ\u00e9 au 6 place Georges Pompidou 93160 Noisy-le-Grand, repr\u00e9sent\u00e9(e) par Karine Lambese d\u00fbment habilit\u00e9(e).<\/p><h3 class=\"fs-30\">H\u00e9bergement<\/h3><p>Le Site est h\u00e9berg\u00e9 par la soci\u00e9t\u00e9 OVH SAS, situ\u00e9 2 rue Kellermann &#8211; BP 80157 &#8211; 59053 Roubaix Cedex 1.<\/p><h3 class=\"fs-30\">Directeur de publication<\/h3><p>Le Directeur de la publication du Site est Karine Lambese.<\/p><h3 class=\"fs-30\">Nous contacter<\/h3><p>Par t\u00e9l\u00e9phone : 06 98 20 05 08<br \/>Par email : contact@chemindeveil.fr<br \/>Par courrier :<br \/>kaliT<br \/>6 place Georges Pompidou<br \/>93160 Noisy-le-Grand<\/p>\t\t\t\t\t\t\t\t<\/div>\n\t\t\t\t<\/div>\n\t\t\t\t<\/div>\n\t\t\t\t<\/div>\n\t\t","protected":false},"excerpt":{"rendered":"<p>Mentions l\u00e9gales Conform\u00e9ment aux dispositions de la loi n\u00b0 2004-575 du 21 juin 2004 pour la confiance en l&#8217;\u00e9conomie num\u00e9rique, il est pr\u00e9cis\u00e9 aux utilisateurs du site La voie de Nahk l&#8217;identit\u00e9 des diff\u00e9rents intervenants dans le cadre de sa r\u00e9alisation et de son suivi. Edition du site Le pr\u00e9sent site, accessible \u00e0 l&#8217;URL: https:\/\/lavoiedenahk.fr\/blog\/<span class=\"more-dots\">&#8230;<\/span> <br\/><span class=\"more-tag\"><a class=\"more-link\" href=\"https:\/\/lavoiedenahk.fr\/blog\/mentions-legales\/\">Poursuivre la lecture<span class=\"screen-reader-text\"> \"Mentions l\u00e9gales\"<\/span><\/a><\/span><!-- .more-tag --><\/p>\n","protected":false},"author":1,"featured_media":0,"parent":0,"menu_order":0,"comment_status":"closed","ping_status":"closed","template":"","meta":{"footnotes":""},"class_list":["post-6901","page","type-page","status-publish","hentry"],"yoast_head":"<!-- This site is optimized with the Yoast SEO plugin v27.2 - https:\/\/yoast.com\/product\/yoast-seo-wordpress\/ -->\n<title>Mentions l\u00e9gales | Chemin d&#039;\u00e9veil<\/title>\n<meta name=\"robots\" content=\"noindex, nofollow\" \/>\n<meta property=\"og:locale\" content=\"fr_FR\" \/>\n<meta property=\"og:type\" content=\"article\" \/>\n<meta property=\"og:title\" content=\"Mentions l\u00e9gales | Chemin d&#039;\u00e9veil\" \/>\n<meta property=\"og:description\" content=\"Mentions l\u00e9gales Conform\u00e9ment aux dispositions de la loi n\u00b0 2004-575 du 21 juin 2004 pour la confiance en l&#8217;\u00e9conomie num\u00e9rique, il est pr\u00e9cis\u00e9 aux utilisateurs du site La voie de Nahk l&#8217;identit\u00e9 des diff\u00e9rents intervenants dans le cadre de sa r\u00e9alisation et de son suivi. Edition du site Le pr\u00e9sent site, accessible \u00e0 l&#8217;URL: https:\/\/lavoiedenahk.fr\/blog\/...\" \/>\n<meta property=\"og:url\" content=\"https:\/\/lavoiedenahk.fr\/blog\/mentions-legales\/\" \/>\n<meta property=\"og:site_name\" content=\"Chemin d&#039;\u00e9veil\" \/>\n<meta property=\"article:publisher\" content=\"https:\/\/www.facebook.com\/lavoiedenahkofficiel\/\" \/>\n<meta property=\"article:modified_time\" content=\"2026-02-18T14:50:55+00:00\" \/>\n<meta property=\"og:image\" content=\"https:\/\/lavoiedenahk.fr\/blog\/wp-content\/uploads\/2024\/10\/NAHK-signature-sanscontours658.png\" \/>\n\t<meta property=\"og:image:width\" content=\"658\" \/>\n\t<meta property=\"og:image:height\" content=\"649\" \/>\n\t<meta property=\"og:image:type\" content=\"image\/png\" \/>\n<meta name=\"twitter:card\" content=\"summary_large_image\" \/>\n<meta name=\"twitter:site\" content=\"@lavoiedenahk\" \/>\n<meta name=\"twitter:label1\" content=\"Dur\u00e9e de lecture estim\u00e9e\" \/>\n\t<meta name=\"twitter:data1\" content=\"1 minute\" \/>\n<!-- \/ Yoast SEO plugin. -->","yoast_head_json":{"title":"Mentions l\u00e9gales | Chemin d&#039;\u00e9veil","robots":{"index":"noindex","follow":"nofollow"},"og_locale":"fr_FR","og_type":"article","og_title":"Mentions l\u00e9gales | Chemin d&#039;\u00e9veil","og_description":"Mentions l\u00e9gales Conform\u00e9ment aux dispositions de la loi n\u00b0 2004-575 du 21 juin 2004 pour la confiance en l&#8217;\u00e9conomie num\u00e9rique, il est pr\u00e9cis\u00e9 aux utilisateurs du site La voie de Nahk l&#8217;identit\u00e9 des diff\u00e9rents intervenants dans le cadre de sa r\u00e9alisation et de son suivi. Edition du site Le pr\u00e9sent site, accessible \u00e0 l&#8217;URL: https:\/\/lavoiedenahk.fr\/blog\/...","og_url":"https:\/\/lavoiedenahk.fr\/blog\/mentions-legales\/","og_site_name":"Chemin d&#039;\u00e9veil","article_publisher":"https:\/\/www.facebook.com\/lavoiedenahkofficiel\/","article_modified_time":"2026-02-18T14:50:55+00:00","og_image":[{"width":658,"height":649,"url":"https:\/\/lavoiedenahk.fr\/blog\/wp-content\/uploads\/2024\/10\/NAHK-signature-sanscontours658.png","type":"image\/png"}],"twitter_card":"summary_large_image","twitter_site":"@lavoiedenahk","twitter_misc":{"Dur\u00e9e de lecture estim\u00e9e":"1 minute"},"schema":{"@context":"https:\/\/schema.org","@graph":[{"@type":"WebPage","@id":"https:\/\/lavoiedenahk.fr\/blog\/mentions-legales\/","url":"https:\/\/lavoiedenahk.fr\/blog\/mentions-legales\/","name":"Mentions l\u00e9gales | Chemin d&#039;\u00e9veil","isPartOf":{"@id":"https:\/\/lavoiedenahk.fr\/blog\/#website"},"datePublished":"2024-10-23T09:44:00+00:00","dateModified":"2026-02-18T14:50:55+00:00","breadcrumb":{"@id":"https:\/\/lavoiedenahk.fr\/blog\/mentions-legales\/#breadcrumb"},"inLanguage":"fr-FR","potentialAction":[{"@type":"ReadAction","target":["https:\/\/lavoiedenahk.fr\/blog\/mentions-legales\/"]}]},{"@type":"BreadcrumbList","@id":"https:\/\/lavoiedenahk.fr\/blog\/mentions-legales\/#breadcrumb","itemListElement":[{"@type":"ListItem","position":1,"name":"Accueil","item":"https:\/\/lavoiedenahk.fr\/blog\/"},{"@type":"ListItem","position":2,"name":"Mentions l\u00e9gales"}]},{"@type":"WebSite","@id":"https:\/\/lavoiedenahk.fr\/blog\/#website","url":"https:\/\/lavoiedenahk.fr\/blog\/","name":"Chemin d'\u00e9veil","description":"Chemin d&#039;\u00e9veil : le blog de Nahk","publisher":{"@id":"https:\/\/lavoiedenahk.fr\/blog\/#\/schema\/person\/be725f0bddd213a84b02fdabb68248fb"},"alternateName":"Le blog de Nahk","potentialAction":[{"@type":"SearchAction","target":{"@type":"EntryPoint","urlTemplate":"https:\/\/lavoiedenahk.fr\/blog\/?s={search_term_string}"},"query-input":{"@type":"PropertyValueSpecification","valueRequired":true,"valueName":"search_term_string"}}],"inLanguage":"fr-FR"},{"@type":["Person","Organization"],"@id":"https:\/\/lavoiedenahk.fr\/blog\/#\/schema\/person\/be725f0bddd213a84b02fdabb68248fb","name":"Karine Nahkag","image":{"@type":"ImageObject","inLanguage":"fr-FR","@id":"https:\/\/lavoiedenahk.fr\/blog\/wp-content\/uploads\/2024\/10\/cropped-NAHK-signature-sanscontours658.png","url":"https:\/\/lavoiedenahk.fr\/blog\/wp-content\/uploads\/2024\/10\/cropped-NAHK-signature-sanscontours658.png","contentUrl":"https:\/\/lavoiedenahk.fr\/blog\/wp-content\/uploads\/2024\/10\/cropped-NAHK-signature-sanscontours658.png","width":658,"height":649,"caption":"Karine Nahkag"},"logo":{"@id":"https:\/\/lavoiedenahk.fr\/blog\/wp-content\/uploads\/2024\/10\/cropped-NAHK-signature-sanscontours658.png"},"description":"M\u00e9dium et Hypnoth\u00e9rapeute, je vous accompagne vers un mieux \u00eatre par la pleine connaissance et conscience de soi. Retrouvez l'ensemble de mes programmes et soins holistiques sur les sites https:\/\/lavoiedenahk.fr et https:\/\/nahk-hypnose.fr Karine Nahkag \ud83c\udf3a\ud83d\udc9c","sameAs":["https:\/\/lavoiedenahk.fr\/blog","https:\/\/www.facebook.com\/lavoiedenahkofficiel\/","https:\/\/www.instagram.com\/lavoiedenahkofficiel\/","https:\/\/www.linkedin.com\/in\/nahk-hypnose\/","https:\/\/x.com\/@lavoiedenahk","https:\/\/www.youtube.com\/@LavoiedeNahk"]}]}},"_links":{"self":[{"href":"https:\/\/lavoiedenahk.fr\/blog\/wp-json\/wp\/v2\/pages\/6901","targetHints":{"allow":["GET"]}}],"collection":[{"href":"https:\/\/lavoiedenahk.fr\/blog\/wp-json\/wp\/v2\/pages"}],"about":[{"href":"https:\/\/lavoiedenahk.fr\/blog\/wp-json\/wp\/v2\/types\/page"}],"author":[{"embeddable":true,"href":"https:\/\/lavoiedenahk.fr\/blog\/wp-json\/wp\/v2\/users\/1"}],"replies":[{"embeddable":true,"href":"https:\/\/lavoiedenahk.fr\/blog\/wp-json\/wp\/v2\/comments?post=6901"}],"version-history":[{"count":1,"href":"https:\/\/lavoiedenahk.fr\/blog\/wp-json\/wp\/v2\/pages\/6901\/revisions"}],"predecessor-version":[{"id":10540,"href":"https:\/\/lavoiedenahk.fr\/blog\/wp-json\/wp\/v2\/pages\/6901\/revisions\/10540"}],"wp:attachment":[{"href":"https:\/\/lavoiedenahk.fr\/blog\/wp-json\/wp\/v2\/media?parent=6901"}],"curies":[{"name":"wp","href":"https:\/\/api.w.org\/{rel}","templated":true}]}}